10
Calculate the remainder when 7753 is divided by 857.
40
Calculate the remainder when 688 is divided by 327.
34
Calculate the remainder when 8460 is divided by 40.
20
What is the remainder when 9129 is divided by 160?
9
Calculate the remainder when 1544 is divided by 389.
377
Calculate the remainder when 9487 is divided by 499.
6
What is the remainder when 10075 is divided by 68?
11
What is the remainder when 11742 is divided by 42?
24
Calculate the remainder when 9847 is divided by 1110.
967
What is the remainder when 19528 is divided by 6503?
19
What is the remainder when 517 is divided by 249?
19
Calculate the remainder when 227 is divided by 106.
15
What is the remainder when 16646 is divided by 790?
56
What is the remainder when 5911 is divided by 422?
3
Calculate the remainder when 5442 is divided by 2687.
68
Calculate the remainder when 595705 is divided by 53.
38
What is the remainder when 4254 is divided by 185?
184
What is the remainder when 142382 is divided by 145?
137
Calculate the remainder when 34134 is divided by 11292.
258
Calculate the remainder when 767 is divided by 109.
4
Calculate the remainder when 220922 is divided by 301.
289
What is the remainder when 219184 is divided by 5218?
28
Calculate the remainder when 99 is divided by 93.
6
Calculate the remainder when 114971 is divided by 38323.
2
Calculate the remainder when 8428 is divided by 1053.
4
What is the remainder when 717989 is divided by 455?
454
Calculate the remainder when 43516 is divided by 1012.
0
Calculate the remainder when 250133 is divided by 282.
281
What is the remainder when 487872 is divided by 366?
360
What is the remainder when 5488 is divided by 22?
10
Calculate the remainder when 19477 is divided by 9475.
527
What is the remainder when 1845 is divided by 602?
39
Calculate the remainder when 984 is divided by 50.
34
Calculate the remainder when 97727 is divided by 96.
95
What is the remainder when 72365 is divided by 7220?
165
Calculate the remainder when 329372 is divided by 329354.
18
Calculate the remainder when 22655 is divided by 6.
5
Calculate the remainder when 191 is divided by 88.
15
What is the remainder when 17232 is divided by 1434?
24
Calculate the remainder when 3554 is divided by 185.
39
Calculate the remainder when 13455 is divided by 4482.
9
What is the remainder when 475 is divided by 455?
20
Calculate the remainder when 7012 is divided by 64.
36
Calculate the remainder when 5362 is divided by 1338.
10
What is the remainder when 26883 is divided by 113?
102
What is the remainder when 193285 is divided by 64420?
25
Calculate the remainder when 17837 is divided by 1109.
93
Calculate the remainder when 2794 is divided by 1111.
572
Calculate the remainder when 213164 is divided by 213161.
3
What is the remainder when 360463 is divided by 1123?
1103
Calculate the remainder when 3725 is divided by 1241.
2
What is the remainder when 125348 is divided by 103?
100
What is the remainder when 13270 is divided by 8?
6
What is the remainder when 83935 is divided by 1376?
1375
Calculate the remainder when 45744 is divided by 802.
30
What is the remainder when 2886 is divided by 705?
66
Calculate the remainder when 131472 is divided by 3979.
165
Calculate the remainder when 290045 is divided by 256.
253
What is the remainder when 100132 is divided by 582?
28
Calculate the remainder when 11645 is divided by 78.
23
What is the remainder when 19003 is divided by 1191?
1138
Calculate the remainder when 1496 is divided by 198.
110
What is the remainder when 4999 is divided by 42?
1
Calculate the remainder when 7300 is divided by 1148.
412
Calculate the remainder when 134184 is divided by 19169.
1
What is the remainder when 33849 is divided by 521?
505
What is the remainder when 175908 is divided by 307?
304
What is the remainder when 2570 is divided by 85?
20
Calculate the remainder when 4649 is divided by 1363.
560
What is the remainder when 1365678 is divided by 438?
432
Calculate the remainder when 21259 is divided by 417.
409
Calculate the remainder when 3308 is divided by 3290.
18
What is the remainder when 19860 is divided by 2201?
51
Calculate the remainder when 266 is divided by 118.
30
What is the remainder when 44092 is divided by 150?
142
What is the remainder when 13573 is divided by 15?
13
What is the remainder when 24546 is divided by 21?
18
Calculate the remainder when 46622 is divided by 11648.
30
Calculate the remainder when 517533 is divided by 27.
24
Calculate the remainder when 1469 is divided by 51.
41
What is the remainder when 4154 is divided by 130?
124
Calculate the remainder when 6508 is divided by 433.
13
Calculate the remainder when 1062632 is divided by 679.
676
What is the remainder when 8090 is divided by 244?
38
What is the remainder when 50449 is divided by 151?
15
Calculate the remainder when 99103 is divided by 215.
203
What is the remainder when 4292 is divided by 515?
172
What is the remainder when 11002 is divided by 52?
30
Calculate the remainder when 137924 is divided by 68956.
12
What is the remainder when 4490 is divided by 4473?
17
What is the remainder when 8910 is divided by 850?
410
What is the remainder when 263042 is divided by 69?
14
Calculate the remainder when 22921 is divided by 6601.
3118
Calculate the remainder when 22387 is divided by 7447.
46
Calculate the remainder when 17588 is divided by 143.
142
What is the remainder when 795167 is divided by 72?
71
Calculate the remainder when 7844 is divided by 315.
284
What is the remainder when 350 is divided by 275?
75
What is the remainder when 124185 is divided by 199?
9
Calculate the remainder when 17003 is divided by 2833.
5
What is the remainder when 12965 is divided by 120?
5
Calculate the remainder when 1903 is divided by 956.
947
What is the remainder when 8073 is divided by 309?
39
Calculate the remainder when 41673 is divided by 34.
23
What is the remainder when 87444 is divided by 29144?
12
Calculate the remainder when 29825 is divided by 1419.
26
What is the remainder when 4789 is divided by 222?
127
What is the remainder when 17580 is divided by 73?
60
Calculate the remainder when 9659 is divided by 115.
114
What is the remainder when 1926 is divided by 1911?
15
Calculate the remainder when 30312 is divided by 201.
162
What is the remainder when 34653 is divided by 372?
57
Calculate the remainder when 26186 is divided by 88.
50
What is the remainder when 1841 is divided by 609?
14
What is the remainder when 1338 is divided by 4?
2
Calculate the remainder when 19843 is divided by 522.
7
What is the remainder when 58012 is divided by 57998?
14
Calculate the remainder when 545 is divided by 91.
90
Calculate the remainder when 153280 is divided by 62.
16
What is the remainder when 15418 is divided by 196?
130
Calculate the remainder when 3125 is divided by 76.
9
What is the remainder when 18900 is divided by 1718?
2
Calculate the remainder when 796 is divided by 238.
82
What is the remainder when 207363 is divided by 102?
99
What is the remainder when 10265 is divided by 40?
25
Calculate the remainder when 2035 is divided by 159.
127
Calculate the remainder when 8510 is divided by 38.
36
What is the remainder when 4533 is divided by 382?
331
Calculate the remainder when 1751 is divided by 107.
39
What is the remainder when 12508 is divided by 32?
28
What is the remainder when 70241 is divided by 7024?
1
Calculate the remainder when 17241 is divided by 5729.
54
What is the remainder when 1315 is divided by 109?
7
Calculate the remainder when 45983 is divided by 838.
731
Calculate the remainder when 179532 is divided by 188.
180
Calculate the remainder when 6460 is divided by 132.
124
What is the remainder when 241954 is divided by 778?
774
What is the remainder when 4545 is divided by 950?
745
Calculate the remainder when 204362 is divided by 482.
476
Calculate the remainder when 3542 is divided by 1359.
824
What is the remainder when 262943 is divided by 99?
98
What is the remainder when 14002 is divided by 7000?
2
Calculate the remainder when 202 is divided by 51.
49
What is the remainder when 169088 is divided by 16905?
38
Calculate the remainder when 600287 is divided by 676.
675
What is the remainder when 25140 is divided by 12552?
3